{"id":1561,"date":"2026-09-01T10:23:00","date_gmt":"2026-09-01T08:23:00","guid":{"rendered":"https:\/\/waldkindergarten-ingolstadt.de\/?page_id=1561"},"modified":"2026-09-01T10:30:37","modified_gmt":"2026-09-01T08:30:37","slug":"zertifikate","status":"publish","type":"page","link":"https:\/\/waldkindergarten-ingolstadt.de\/index.php\/waldkindergarten-3\/zertifikate\/","title":{"rendered":"Ferienbetreuung"},"content":{"rendered":"\t\t<div data-elementor-type=\"wp-page\" data-elementor-id=\"1561\" class=\"elementor elementor-1561\">\n\t\t\t\t<div class=\"elementor-element elementor-element-bcba00c e-flex e-con-boxed wpr-particle-no wpr-jarallax-no wpr-parallax-no wpr-sticky-section-no e-con e-parent\" data-id=\"bcba00c\" data-element_type=\"container\" data-settings=\"{&quot;background_background&quot;:&quot;classic&quot;}\">\n\t\t\t\t\t<div class=\"e-con-inner\">\n\t\t\t\t<div class=\"elementor-element elementor-element-8de72a4 elementor-widget elementor-widget-heading\" data-id=\"8de72a4\" data-element_type=\"widget\" data-widget_type=\"heading.default\">\n\t\t\t\t<div class=\"elementor-widget-container\">\n\t\t\t<h1 class=\"elementor-heading-title elementor-size-default\">Ferienbetreuung<\/h1>\t\t<\/div>\n\t\t\t\t<\/div>\n\t\t<div class=\"elementor-element elementor-element-140f3fa e-con-full e-flex wpr-particle-no wpr-jarallax-no wpr-parallax-no wpr-sticky-section-no e-con e-child\" data-id=\"140f3fa\" data-element_type=\"container\">\n\t\t<div class=\"elementor-element elementor-element-7d64c9f e-con-full e-flex wpr-particle-no wpr-jarallax-no wpr-parallax-no wpr-sticky-section-no e-con e-child\" data-id=\"7d64c9f\" data-element_type=\"container\" data-settings=\"{&quot;animation&quot;:&quot;none&quot;,&quot;animation_tablet&quot;:&quot;none&quot;}\">\n\t\t\t\t<div class=\"elementor-element elementor-element-9c77e4b elementor-widget elementor-widget-image\" data-id=\"9c77e4b\" data-element_type=\"widget\" data-widget_type=\"image.default\">\n\t\t\t\t<div class=\"elementor-widget-container\">\n\t\t\t\t\t\t\t\t\t\t\t\t\t<img fetchpriority=\"high\" decoding=\"async\" width=\"819\" height=\"1024\" src=\"https:\/\/waldkindergarten-ingolstadt.de\/wp-content\/uploads\/2026\/02\/Ferienbetreuung-2026-819x1024.jpg\" class=\"attachment-large size-large wp-image-1408\" alt=\"\" srcset=\"https:\/\/waldkindergarten-ingolstadt.de\/wp-content\/uploads\/2026\/02\/Ferienbetreuung-2026-819x1024.jpg 819w, https:\/\/waldkindergarten-ingolstadt.de\/wp-content\/uploads\/2026\/02\/Ferienbetreuung-2026-240x300.jpg 240w, https:\/\/waldkindergarten-ingolstadt.de\/wp-content\/uploads\/2026\/02\/Ferienbetreuung-2026-768x960.jpg 768w, https:\/\/waldkindergarten-ingolstadt.de\/wp-content\/uploads\/2026\/02\/Ferienbetreuung-2026.jpg 1080w\" sizes=\"(max-width: 819px) 100vw, 819px\" \/>\t\t\t\t\t\t\t\t\t\t\t\t\t<\/div>\n\t\t\t\t<\/div>\n\t\t\t\t<\/div>\n\t\t<div class=\"elementor-element elementor-element-1a1d986 e-con-full e-flex wpr-particle-no wpr-jarallax-no wpr-parallax-no wpr-sticky-section-no e-con e-child\" data-id=\"1a1d986\" data-element_type=\"container\" data-settings=\"{&quot;animation&quot;:&quot;none&quot;,&quot;animation_tablet&quot;:&quot;none&quot;}\">\n\t\t\t\t<div class=\"elementor-element elementor-element-d4e29e7 elementor-widget elementor-widget-heading\" data-id=\"d4e29e7\" data-element_type=\"widget\" data-widget_type=\"heading.default\">\n\t\t\t\t<div class=\"elementor-widget-container\">\n\t\t\t<h2 class=\"elementor-heading-title elementor-size-default\">Anmeldung Ferienbetreuung Wald und Wiese\n\n<\/h2>\t\t<\/div>\n\t\t\t\t<\/div>\n\t\t\t\t<div class=\"elementor-element elementor-element-8de6517 elementor-widget elementor-widget-text-editor\" data-id=\"8de6517\" data-element_type=\"widget\" data-widget_type=\"text-editor.default\">\n\t\t\t\t<div class=\"elementor-widget-container\">\n\t\t\t\t\t\t\t<p><strong>Sommerferien | Zucheringer Wald<\/strong><br \/>Wir vom Waldkindergarten Ingolstadt e.V. m\u00f6chten mit euch gemeinsam unseren Zucheringer Wald und die Wiesen um uns herum erkunden!<\/p><p>Wir bieten euch verschiedene Aktivit\u00e4ten um den Zucheringer Wald an. Die Gruppe wird von p\u00e4dagogischen Fachkr\u00e4ften und geschulten Betreuer*innen geleitet. Zur Verpflegung geh\u00f6rt ein warmes Mittagessen. Vor und nach dem Mittagessen bieten wir frisches Obst, Gem\u00fcse, gesunde Snacks und Brotzeit an. F\u00fcr Getr\u00e4nke wird<br \/>gesorgt! Wir arbeiten eng mit der AWO\/ Schanzer Kindl e.V. zusammen.<\/p><p><strong>Termin 2026:<\/strong><\/p><p>Sommerferien 17.08. \u2013 21.08.2026 und 24.08. \u2013 28.08.2026<\/p><p><strong>T\u00e4gliche Betreuungszeit<\/strong><\/p><p>Mo.\u2013Fr., von 08:00 bis 16:00 Uhr,<br \/>freitags auch bis 14:00 Uhr m\u00f6glich<\/p><p><a href=\"https:\/\/forms.cloud.microsoft\/r\/jShByPxnuy?origin=lprLink\">Link zur Anmeldung<\/a><\/p><p data-start=\"69\" data-end=\"98\"><strong data-start=\"69\" data-end=\"98\">Ferienbetreuung \u2013 Hinweis<\/strong><\/p><p data-start=\"100\" data-end=\"268\">Unsere Ferienbetreuung ist derzeit vollst\u00e4ndig ausgebucht.<br data-start=\"158\" data-end=\"161\" \/>Um eine qualitativ hochwertige und individuelle Betreuung sicherzustellen, ist die Teilnehmerzahl begrenzt.<\/p><p data-start=\"270\" data-end=\"371\">Weitere Anmeldungen k\u00f6nnen aktuell leider nicht ber\u00fccksichtigt werden. Wir bitten um Ihr Verst\u00e4ndnis. Eine Warteliste ist vorhanden..<\/p><p data-start=\"338\" data-end=\"698\">\u00a0<\/p>\t\t\t\t\t\t<\/div>\n\t\t\t\t<\/div>\n\t\t\t\t<\/div>\n\t\t\t\t<\/div>\n\t\t\t\t\t<\/div>\n\t\t\t\t<\/div>\n\t\t\t\t<\/div>\n\t\t","protected":false},"excerpt":{"rendered":"<p>Ferienbetreuung Anmeldung Ferienbetreuung Wald und Wiese Sommerferien | Zucheringer WaldWir vom Waldkindergarten Ingolstadt e.V. m\u00f6chten mit euch gemeinsam unseren Zucheringer Wald und die Wiesen um uns herum erkunden! Wir bieten euch verschiedene Aktivit\u00e4ten um den Zucheringer Wald an. Die Gruppe wird von p\u00e4dagogischen Fachkr\u00e4ften und geschulten Betreuer*innen geleitet. Zur Verpflegung geh\u00f6rt ein warmes Mittagessen. Vor und nach dem Mittagessen bieten wir frisches Obst, Gem\u00fcse, gesunde Snacks und Brotzeit an. F\u00fcr Getr\u00e4nke wirdgesorgt! Wir arbeiten eng mit der AWO\/ Schanzer Kindl e.V. zusammen. Termin 2026: Sommerferien 17.08. \u2013 21.08.2026 und 24.08. \u2013 28.08.2026 T\u00e4gliche Betreuungszeit Mo.\u2013Fr., von 08:00 bis 16:00 Uhr,freitags auch bis 14:00 Uhr m\u00f6glich Link zur Anmeldung Ferienbetreuung \u2013 Hinweis Unsere Ferienbetreuung ist derzeit vollst\u00e4ndig ausgebucht.Um eine qualitativ hochwertige und individuelle Betreuung sicherzustellen, ist die Teilnehmerzahl begrenzt. Weitere Anmeldungen k\u00f6nnen aktuell leider nicht ber\u00fccksichtigt werden. Wir bitten um Ihr Verst\u00e4ndnis. Eine Warteliste ist vorhanden.. \u00a0<\/p>\n","protected":false},"author":5,"featured_media":192,"parent":191,"menu_order":0,"comment_status":"closed","ping_status":"open","template":"","meta":{"site-sidebar-layout":"default","site-content-layout":"","ast-site-content-layout":"","site-content-style":"default","site-sidebar-style":"default","ast-global-header-display":"","ast-banner-title-visibility":"","ast-main-header-display":"","ast-hfb-above-header-display":"","ast-hfb-below-header-display":"","ast-hfb-mobile-header-display":"","site-post-title":"disabled","ast-breadcrumbs-content":"","ast-featured-img":"","footer-sml-layout":"","theme-transparent-header-meta":"","adv-header-id-meta":"","stick-header-meta":"","header-above-stick-meta":"","header-main-stick-meta":"","header-below-stick-meta":"","astra-migrate-meta-layouts":"default","ast-page-background-enabled":"default","ast-page-background-meta":{"desktop":{"background-color":"var(--ast-global-color-4)","background-image":"","background-repeat":"repeat","background-position":"center center","background-size":"auto","background-attachment":"scroll","background-type":"","background-media":"","overlay-type":"","overlay-color":"","overlay-opacity":"","overlay-gradient":""},"tablet":{"background-color":"","background-image":"","background-repeat":"repeat","background-position":"center center","background-size":"auto","background-attachment":"scroll","background-type":"","background-media":"","overlay-type":"","overlay-color":"","overlay-opacity":"","overlay-gradient":""},"mobile":{"background-color":"","background-image":"","background-repeat":"repeat","background-position":"center center","background-size":"auto","background-attachment":"scroll","background-type":"","background-media":"","overlay-type":"","overlay-color":"","overlay-opacity":"","overlay-gradient":""}},"ast-content-background-meta":{"desktop":{"background-color":"var(--ast-global-color-5)","background-image":"","background-repeat":"repeat","background-position":"center center","background-size":"auto","background-attachment":"scroll","background-type":"","background-media":"","overlay-type":"","overlay-color":"","overlay-opacity":"","overlay-gradient":""},"tablet":{"background-color":"var(--ast-global-color-5)","background-image":"","background-repeat":"repeat","background-position":"center center","background-size":"auto","background-attachment":"scroll","background-type":"","background-media":"","overlay-type":"","overlay-color":"","overlay-opacity":"","overlay-gradient":""},"mobile":{"background-color":"var(--ast-global-color-5)","background-image":"","background-repeat":"repeat","background-position":"center center","background-size":"auto","background-attachment":"scroll","background-type":"","background-media":"","overlay-type":"","overlay-color":"","overlay-opacity":"","overlay-gradient":""}},"footnotes":""},"class_list":["post-1561","page","type-page","status-publish","has-post-thumbnail","hentry"],"_links":{"self":[{"href":"https:\/\/waldkindergarten-ingolstadt.de\/index.php\/wp-json\/wp\/v2\/pages\/1561","targetHints":{"allow":["GET"]}}],"collection":[{"href":"https:\/\/waldkindergarten-ingolstadt.de\/index.php\/wp-json\/wp\/v2\/pages"}],"about":[{"href":"https:\/\/waldkindergarten-ingolstadt.de\/index.php\/wp-json\/wp\/v2\/types\/page"}],"author":[{"embeddable":true,"href":"https:\/\/waldkindergarten-ingolstadt.de\/index.php\/wp-json\/wp\/v2\/users\/5"}],"replies":[{"embeddable":true,"href":"https:\/\/waldkindergarten-ingolstadt.de\/index.php\/wp-json\/wp\/v2\/comments?post=1561"}],"version-history":[{"count":4,"href":"https:\/\/waldkindergarten-ingolstadt.de\/index.php\/wp-json\/wp\/v2\/pages\/1561\/revisions"}],"predecessor-version":[{"id":1572,"href":"https:\/\/waldkindergarten-ingolstadt.de\/index.php\/wp-json\/wp\/v2\/pages\/1561\/revisions\/1572"}],"up":[{"embeddable":true,"href":"https:\/\/waldkindergarten-ingolstadt.de\/index.php\/wp-json\/wp\/v2\/pages\/191"}],"wp:featuredmedia":[{"embeddable":true,"href":"https:\/\/waldkindergarten-ingolstadt.de\/index.php\/wp-json\/wp\/v2\/media\/192"}],"wp:attachment":[{"href":"https:\/\/waldkindergarten-ingolstadt.de\/index.php\/wp-json\/wp\/v2\/media?parent=1561"}],"curies":[{"name":"wp","href":"https:\/\/api.w.org\/{rel}","templated":true}]}}

<div data-elementor-type="wp-page" data-elementor-id="1561" class="elementor elementor-1561">
				<div class="elementor-element elementor-element-bcba00c e-flex e-con-boxed wpr-particle-no wpr-jarallax-no wpr-parallax-no wpr-sticky-section-no e-con e-parent" data-id="bcba00c" data-element_type="container" data-settings="{&quot;background_background&quot;:&quot;classic&quot;}">
					<div class="e-con-inner">
				<div class="elementor-element elementor-element-8de72a4 elementor-widget elementor-widget-heading" data-id="8de72a4" data-element_type="widget" data-widget_type="heading.default">
				<div class="elementor-widget-container">
			<h1 class="elementor-heading-title elementor-size-default">Ferienbetreuung</h1>		</div>
				</div>
		<div class="elementor-element elementor-element-140f3fa e-con-full e-flex wpr-particle-no wpr-jarallax-no wpr-parallax-no wpr-sticky-section-no e-con e-child" data-id="140f3fa" data-element_type="container">
		<div class="elementor-element elementor-element-7d64c9f e-con-full e-flex wpr-particle-no wpr-jarallax-no wpr-parallax-no wpr-sticky-section-no e-con e-child" data-id="7d64c9f" data-element_type="container" data-settings="{&quot;animation&quot;:&quot;none&quot;,&quot;animation_tablet&quot;:&quot;none&quot;}">
				<div class="elementor-element elementor-element-9c77e4b elementor-widget elementor-widget-image" data-id="9c77e4b" data-element_type="widget" data-widget_type="image.default">
				<div class="elementor-widget-container">
													<img fetchpriority="high" decoding="async" width="819" height="1024" src="https://waldkindergarten-ingolstadt.de/wp-content/uploads/2026/02/Ferienbetreuung-2026-819x1024.jpg" class="attachment-large size-large wp-image-1408" alt="" srcset="https://waldkindergarten-ingolstadt.de/wp-content/uploads/2026/02/Ferienbetreuung-2026-819x1024.jpg 819w, https://waldkindergarten-ingolstadt.de/wp-content/uploads/2026/02/Ferienbetreuung-2026-240x300.jpg 240w, https://waldkindergarten-ingolstadt.de/wp-content/uploads/2026/02/Ferienbetreuung-2026-768x960.jpg 768w, https://waldkindergarten-ingolstadt.de/wp-content/uploads/2026/02/Ferienbetreuung-2026.jpg 1080w" sizes="(max-width: 819px) 100vw, 819px" />													</div>
				</div>
				</div>
		<div class="elementor-element elementor-element-1a1d986 e-con-full e-flex wpr-particle-no wpr-jarallax-no wpr-parallax-no wpr-sticky-section-no e-con e-child" data-id="1a1d986" data-element_type="container" data-settings="{&quot;animation&quot;:&quot;none&quot;,&quot;animation_tablet&quot;:&quot;none&quot;}">
				<div class="elementor-element elementor-element-d4e29e7 elementor-widget elementor-widget-heading" data-id="d4e29e7" data-element_type="widget" data-widget_type="heading.default">
				<div class="elementor-widget-container">
			<h2 class="elementor-heading-title elementor-size-default">Anmeldung Ferienbetreuung Wald und Wiese

</h2>		</div>
				</div>
				<div class="elementor-element elementor-element-8de6517 elementor-widget elementor-widget-text-editor" data-id="8de6517" data-element_type="widget" data-widget_type="text-editor.default">
				<div class="elementor-widget-container">
							<p><strong>Sommerferien | Zucheringer Wald</strong><br />Wir vom Waldkindergarten Ingolstadt e.V. möchten mit euch gemeinsam unseren Zucheringer Wald und die Wiesen um uns herum erkunden!</p><p>Wir bieten euch verschiedene Aktivitäten um den Zucheringer Wald an. Die Gruppe wird von pädagogischen Fachkräften und geschulten Betreuer*innen geleitet. Zur Verpflegung gehört ein warmes Mittagessen. Vor und nach dem Mittagessen bieten wir frisches Obst, Gemüse, gesunde Snacks und Brotzeit an. Für Getränke wird<br />gesorgt! Wir arbeiten eng mit der AWO/ Schanzer Kindl e.V. zusammen.</p><p><strong>Termin 2026:</strong></p><p>Sommerferien 17.08. – 21.08.2026 und 24.08. – 28.08.2026</p><p><strong>Tägliche Betreuungszeit</strong></p><p>Mo.–Fr., von 08:00 bis 16:00 Uhr,<br />freitags auch bis 14:00 Uhr möglich</p><p><a href="https://forms.cloud.microsoft/r/jShByPxnuy?origin=lprLink">Link zur Anmeldung</a></p><p data-start="69" data-end="98"><strong data-start="69" data-end="98">Ferienbetreuung – Hinweis</strong></p><p data-start="100" data-end="268">Unsere Ferienbetreuung ist derzeit vollständig ausgebucht.<br data-start="158" data-end="161" />Um eine qualitativ hochwertige und individuelle Betreuung sicherzustellen, ist die Teilnehmerzahl begrenzt.</p><p data-start="270" data-end="371">Weitere Anmeldungen können aktuell leider nicht berücksichtigt werden. Wir bitten um Ihr Verständnis. Eine Warteliste ist vorhanden..</p><p data-start="338" data-end="698"> </p>						</div>
				</div>
				</div>
				</div>
					</div>
				</div>
				</div>

<p>Ferienbetreuung Anmeldung Ferienbetreuung Wald und Wiese Sommerferien | Zucheringer WaldWir vom Waldkindergarten Ingolstadt e.V. möchten mit euch gemeinsam unseren Zucheringer Wald und die Wiesen um uns herum erkunden! Wir bieten euch verschiedene Aktivitäten um den Zucheringer Wald an. Die Gruppe wird von pädagogischen Fachkräften und geschulten Betreuer*innen geleitet. Zur Verpflegung gehört ein warmes Mittagessen. Vor und nach dem Mittagessen bieten wir frisches Obst, Gemüse, gesunde Snacks und Brotzeit an. Für Getränke wirdgesorgt! Wir arbeiten eng mit der AWO/ Schanzer Kindl e.V. zusammen. Termin 2026: Sommerferien 17.08. – 21.08.2026 und 24.08. – 28.08.2026 Tägliche Betreuungszeit Mo.–Fr., von 08:00 bis 16:00 Uhr,freitags auch bis 14:00 Uhr möglich Link zur Anmeldung Ferienbetreuung – Hinweis Unsere Ferienbetreuung ist derzeit vollständig ausgebucht.Um eine qualitativ hochwertige und individuelle Betreuung sicherzustellen, ist die Teilnehmerzahl begrenzt. Weitere Anmeldungen können aktuell leider nicht berücksichtigt werden. Wir bitten um Ihr Verständnis. Eine Warteliste ist vorhanden..  </p>
